mine z(m).
-3
Let t(y) = -y**3 + 3*y**2 + 2*y + 5. Let u be (-2 + 3)/((-2)/4). Let f be (8/u)/(0 - -1). Let k = f - -8. Give t(k).
-3
Let s(l) be the third derivative of l**7/840 + l**6/180 - l**5/60 + l**4/24 + l**3/6 + 2*l**2. Let m(k) be the first derivative of s(k). Calculate m(-3).
-2
Let l(c) be the second derivative of -c**5/120 + c**4/6 - c**3/6 + c. Let k(r) be the second derivative of l(r). Determine k(6).
-2
Let z(d) = 2*d**2 - d - 4. Suppose -2*f - 14 = -4*i, f = i + 2 - 5. Determine z(i).
24
Let c be 3/(-1 - 5/(-2)). Let a(u) = -2*u**2 + u + 1. Determine a(c).
-5
Let i(k) = 19*k + 8. Let z(s) = -20*s - 8. Let m(r) = -6*i(r) - 5*z(r). Let w(o) = -9*o - 5. Let l(y) = -5*m(y) + 8*w(y). Give l(1).
-2
Let i(d) be the second derivative of -d**7/2520 - d**4/6 - d. Let y(h) be the third derivative of i(h). Determine y(1).
-1
Let b(p) = -p**2 - 5*p - 1. Let j be ((-13)/3 - 0) + (-1)/(-3). What is b(j)?
3
Let t(r) = 2*r**2 + 22 + 27 - 43 - r - r**2. Determine t(0).
6
Let g be (18/6)/(3/2). Let m(w) = -2*w + 3 + 3*w - g*w - 2*w**2 + 3*w**2. What is m(0)?
3
Let l(g) be the second derivative of -g**4/12 + g**3/6 + g**2 - 6*g. Give l(-2).
-4
Let i(o) = -13*o + 5. Let d(f) = -7*f + 3. Let x(j) = -11*d(j) + 6*i(j). Give x(6).
-9
Let w(v) = v**2 + 4*v - 1. Let d be w(-5). Let p(k) = -k**2 + 3*k + 1. Determine p(d).
-3
Let t(a) = a**3 - 2*a**2 + 5*a + 6. Let w(o) = o + 1. Let k(j) = t(j) - 5*w(j). Let m be (1/(-3))/((-3)/9). Determine k(m).
0
Let l be -1 + (-2 - -22) - 4. Suppose -b = -l + 16. Let o(p) = 30*p - 16. Let x(r) = -6*r + 3. Let s(j) = 2*o(j) + 11*x(j). Calculate s(b).
7
Let k(p) = p**2 - 4*p + 3. Let u(y) = -2*y + 2. Let j be u(-3). Suppose 0 = -4*b + j + 4. Give k(b).
0
Let g(p) = -5 - 8*p + 45*p**3 - 19*p**3 - 6*p**2 - 25*p**3. Give g(7).
-12
Suppose -4*n - 3*b + 16 = 0, -4*n + 3 = -3*b - 13. Let z(d) = d**2 - 3*d + 3. Calculate z(n).
7
Let a(s) = s - 5. Let l(p) = -2*p + 11. Let h(m) = 5*a(m) + 2*l(m). Determine h(-3).
-6
Let b(m) = -114*m**2 - 8 + 7*m + 2 + 113*m**2. Suppose -2 = 2*t - 14. Determine b(t).
0
Let p(y) = -6*y**2 - 5*y + 8. Let g(n) = -5*n**2 - 4*n + 6. Let u(m) = -7*g(m) + 6*p(m). What is u(-5)?
-9
Let z(c) = -2*c + 3 + 0*c - 3 + 1 - 7*c**2. What is z(1)?
-8
Let i(r) = -r - 1. Suppose -f + 12 = -2*g - 5*f, -3*g + f - 11 = 0. Let t be i(g). Let q(x) = x**3 - 4*x + 1 - 2*x**t + 8*x**2 - 2*x**2. Give q(5).
6
Let l(a) = a**3 - 1 + 0*a - 2*a + 3 - 3. Determine l(-2).
-5
Let u(d) = -5*d**3 - 2*d**2 - d. Let w(g) = -11*g**3 - 3*g**2 - 2*g. Let m(o) = -5*u(o) + 3*w(o). Determine m(1).
-8
Let o(t) = 2 - 1 - t + 2*t. Let s(i) = 1. Let a(f) = 2*o(f) - 3*s(f). Calculate a(1).
1
Let a = 383 - 375. Let p(o) = 3 - 8*o**2 - 3*o + 3*o + o**3. What is p(a)?
3
Let i(a) = -2*a**2 - 19*a + 6. Let l be i(-10). Let r(j) be the second derivative of 0*j**2 - j + 1/12*j**4 + 1/2*j**3 + 0. What is r(l)?
4
Let r be (-6 + 4)/(6/4 + -1). Let h be -2 + 8 - (1 + -1). Let w(y) = 2*y**2 + y**3 + 3 + 0*y**2 - 5 - h*y. Give w(r).
-10
Let v(k) = -5*k - 7*k**3 - 3 + 7*k**3 + 10*k - 5*k**2 - k**3. Calculate v(-6).
3
Let g(j) = j**3 - 5*j**2 + j + 6. Let y(d) = d**2 + 6*d + 11. Let n be y(-5). Let a be (6/3 - 3) + n. Determine g(a).
11
Let b(d) be the second derivative of -7*d**4/24 - d**3/6 + 2*d**2 + 2*d. Let j(c) be the first derivative of b(c). Determine j(1).
-8
Let w(y) = -y + 20. Let n be w(16). Let g(o) = -o - 2. Give g(n).
-6
Suppose -4*q + 9 = 1. Let y(s) = 2*s**2 + 3*s - s**2 + 1 + 3*s**2 - s**q. Calculate y(-2).
7
Let r(s) be the first derivative of -6 + 1/4*s**4 + 0*s**2 - 2*s + 4/3*s**3. Calculate r(-4).
-2
Let d(z) = 2*z. Let f(m) = -5*m + 2. Let s(o) = -3*d(o) - f(o). Let i be 1/(1/(-7)) - -2. Calculate s(i).
3
Let a be 10/4*196/(-70). Let h(c) = c**2 + 6*c - 5. Determine h(a).
2
Let f(y) = -5*y**3 - 4*y**2 - 6. Let u(q) = 4*q**3 + 4*q**2 + q + 6. Let x(h) = 5*f(h) + 6*u(h). Determine x(5).
11
Suppose x + 5 = -4. Let y be x/(-6)*(-10)/(-15). Let v(o) = 2*o**2 + o. What is v(y)?
3
Let a be 3/(-3) + 1 - 0. Let u(m) = m**2 + 6. Calculate u(a).
6
Let d = -117 - -112. Let u(g) = g**3 + 5*g**2 + 3*g + 5. Give u(d).
-10
Let v(t) = 5*t**3 - 5*t**2 - 4*t. Let j(d) = -6*d**3 + 5*d**2 + 4*d. Let g(r) = 6*j(r) + 7*v(r). Let a = -14 + 11. Give g(a).
-6
Let k(h) = h**3 - h**2 - 4*h. Let q(n) be the second derivative of n**3/6 - 2*n. Let f(x) = -k(x) - 2*q(x). Let v be 36/(-21) - 2/7. What is f(v)?
8
Let w(z) be the third derivative of z**5/60 + z**4/8 - 2*z**3/3 + 15*z**2. What is w(-4)?
0
Let d(c) = 4*c**2 - 5*c**2 + 5*c - 3 - 6*c. Let o(r) = r**3 + 6*r**2 + 1. Let a be o(-6). Suppose -3*k + 3 = -b, -3*k + a = -3*b - 2. Calculate d(b).
-3
Let w = 27 + -25. Suppose -2*c + 0 = -2*b - 2, 4*b - 2 = c. Let v(s) = -5*s**c + s**w + s - 2*s. What is v(-1)?
-3
Suppose -4*r = -3*r. Let y be (-1)/(r + 3/9). Let c(a) = 2*a**2 + 6*a + 1. Let w(s) = -s**2. Let v(k) = -c(k) - w(k). Calculate v(y).
8
Let i(o) = o**2 - o + 5. Let w be i(0). Suppose 2 = -4*u + w*u. Let t(d) = -3*d + u*d - d - 4. What is t(-4)?
4
Let v(x) = -x + 6. Suppose -2*t + 9 = -3*u - 5*t, 0 = 3*u + 2*t + 11. Calculate v(u).
11
Let o = -21 + 21. Let y(r) = -r + 1. Give y(o).
1
Let g(v) = -v - 23. Let y be g(-18). Let o(z) = z + 5. What is o(y)?
0
Suppose 0 = -x + 3 + 1. Let s(k) = 2 - k**3 + x*k - 2*k**2 - 2*k - 3*k. Let p(w) = w**3 + 5*w**2 + w + 3. Let l be p(-5). Calculate s(l).
4
Let v be ((-1)/3)/(2/(-12)). Let w(j) = 4*j**2 - j**2 - 2*j - 1 + 4*j + 0*j**v. Determine w(1).
4
Let f(u) = -u**2 + 5*u - 4. Let d be f(4). Let q(h) = 3*h - 3 - h**2 - h + 4 - h. What is q(d)?
1
Let r = 4 - 5. Let t(g) = -2*g - 4. Let w(s) be the third derivative of -s**4/24 + s**3/6 - s**2. Let f(c) = r*t(c) - 5*w(c). Calculate f(-1).
-8
Let w(n) = -n + 5. Let x = -9 - -18. Suppose 3*j = -z - x - 37, 6 = 3*z. Let o be j/6*9/(-6). What is w(o)?
1
Let i = -4 - -6. Let g(k) be the third derivative of -1/6*k**3 + 0 - 1/12*k**4 + 0*k + 2*k**2. Calculate g(i).
-5
Let p(j) = -j**2 + 5*j + 7. Suppose t + 3 = 2*t. Let n(k) = k**2 - 5*k - 7. Let s(c) = t*n(c) + 2*p(c). Calculate s(5).
-7
Suppose 0 = -5*p - 3*u + 22, -3*p + 2*u = p. Let r be 1/p + 10/4. Let b(o) = o**2 - 1. Let l(j) = 4*j**2 - 4*j - 3. Let y(q) = r*b(q) - l(q). Determine y(5).
-5
Let o(u) = 4*u + 2. Suppose -4*q - 9*q = 26. What is o(q)?
-6
Let w(g) be the second derivative of 1/12*g**4 + g + 0 + 9/2*g**2 + 4/3*g**3. Calculate w(-6).
-3
Let t(d) = d**2 - 8 + 1 + 6*d - 7*d. Calculate t(0).
-7
Let k(x) be the third derivative of x**4/24 + 2*x**3/3 - x**2. Suppose 3*s - 3 = -3*c + 12, -5*c + 3*s - 15 = 0. What is k(c)?
4
Let n(i) = -64*i + 3*i**2 - 1 - 36*i + 102*i. Suppose 5*k + 4*b + 2 = 0, 2*b - 1 = 3. Give n(k).
7
Let v(b) = b - 28. Let g be v(22). Let u(y) = y + 2. Calculate u(g).
-4
Let y(g) be the third derivative of g**6/720 - g**4/24 + 5*g**2. Let t(w) be the second derivative of y(w). Determine t(-5).
-5
Let d be (4/5)/(8/60). Let s(w) = -w**2 + 6*w**2 - 6*w - 4*w**2 + 4. What is s(d)?
4
Let n(a) = -a**3 + a**2. Let m(c) = -2*c**3 + 7*c**2 - 5*c + 6. Let q(z) = m(z) - n(z). Give q(4).
18
Let v(t) = t**2 + 4*t - 1. Let j = 26 + -30. Give v(j).
-1
Let c(d) = 5*d + 2. Let s be 3 + -2 + 10 - 0. Suppose 2*v + 3*h = -1 - 0, -5*h = -3*v - s. Calculate c(v).
-8
Let h(s) = -s**2 - 10*s + 14. Let w be h(-8). Let m be (1/3)/((-10)/w). Let a(u) = -3*u**3 - u. Calculate a(m).
4
Suppose -16 = 6*u - 2*u. Let d(s) be the second derivative of -s**4/12 - s**3/3 + 2*s**2 + s. Calculate d(u).
-4
Let x(p) = -p**2 - 6*p - 4. Let d(r) = -r**2 - 6*r - 4. Let v(a) = 2*d(a) - 3*x(a). Calculate v(-6).
4
Let x(b) = -2*b**3 - 2*b - 1. Suppose 0 = 2*a + 2*k + 12, -6 = -a - 3*k + 5*k. Let s be 2 + 2*a + 1. Determine x(s).
3
Suppose -5*z + 2*z = 0. Let c be (-1 - (-2 - -6)) + z. Let n(k) = 3*k**3 - 6*k + 4*k**2 - 3 + 1 - 2*k**3. Give n(c).
3
Let g = 27 - 21. Let z(r) = r**3 - 6*r**2 + r + 1. Give z(g).
7
Suppose 2*a - 7 = 1. Suppose -2*u + 7*u = -a*n - 3, u = 2*n - 9. Let k(f) = -f**3 - 3*f**2 + 5*f + 3. What is k(u)?
-12
Let i(s) = 0*s - 3*s**2 + 0*s + 2*s**2 - 7*s + 7. What is i(-7)?
7
Let a(d) be the first derivative of -d**4/4 - 4*d**3/3 - d**2 - 3*d - 5. Determine a(-3).
-6
Let r be (-6 + 4)*3/(-2). Let i be 1/(r + -1)*2. Let y(v) = 3*v + 2 - v - i + 3. Determine y(-5).
-6
Let r